its digit of f?
9
Suppose -6*g + 13 = -4*w - 3*g, -w - 7 = -2*g. Let n = 1631 - 1627. What is the tens digit of 29 + ((-2)/w - n)?
2
Let f(m) = -m**3 + 3*m**2 - 2*m + 3. Let r be f(4). Let d = -19 - r. What is the units digit of d?
2
Let k = 1280 + 11. What is the hundreds digit of k?
2
Suppose -8 = 2*q, 0 = -5*m - q + 3*q - 37. Let b = 18 + m. What is the tens digit of (33/9)/(1/b)?
3
Suppose -370 + 1032 = p. What is the units digit of p/12 + 3/(-18) - 1?
4
What is the hundreds digit of -1*(1 + 2 + -131)?
1
Let r be ((-9)/2)/(-5 - (-22)/4). Let o(j) = -j**3 - 8*j**2 - 22*j - 11. What is the hundreds digit of o(r)?
2
Suppose 2*f - 34*m - 1251 = -33*m, -2*f + 2*m = -1256. What is the hundreds digit of f?
6
Let o be -3 + (2 - 1/1). Let v = 7 + o. Suppose v*f = -15, 5*b - 54 = 4*f - 7. What is the units digit of b?
7
Suppose 0*g - 2*g + 704 = 0. Suppose 11 = 3*b - l - 199, -l = -5*b + g. What is the units digit of b?
1
What is the thousands digit of 44*(20250/40)/15?
1
Suppose -4*g + 1 = 3*m, 4*m = -2*g - 3*g + 2. Suppose -4*y = -m*y - 84. What is the units digit of y?
4
Let h = -45 - -47. Suppose h*r = -r + 9, 2*q - 61 = r. What is the units digit of q?
2
Let b be (-1)/(-4) - (-141)/12. What is the units digit of ((-18)/b)/(3/(-38))?
9
Let h(s) = s**2 - 16. Suppose 28 = 8*q - 4*q. What is the units digit of h(q)?
3
Suppose 2*d = -y - 6, 8*d + 26 = 5*y + 4*d. Suppose 3*r = 4*r - y. Let t = 12 - r. What is the tens digit of t?
1
Let q = -193 - -452. Let a = q - 184. What is the tens digit of a?
7
Let v = -2049 - -3482. What is the thousands digit of v?
1
Let b be 11*68 + 7 + -7. Suppose b = 21*u - 10*u. What is the units digit of u?
8
Suppose -4*z + 3*y + 26264 = 0, 0 = 3*y - 7*y. What is the tens digit of z?
6
Let c(d) = 2*d - 2. Let v be c(2). Suppose v = m - 18. Suppose 5*l - 70 = -s, -4*l + 4*s + m = -12. What is the tens digit of l?
1
Let p(w) = -w**2 + 9*w - 18. Let t be p(4). Suppose 3*z - 300 = -0*z + t*j, -2*j + 210 = 2*z. What is the tens digit of z?
0
Suppose 0 = 6*d - 5*d - 3*l + 9, 0 = 5*d - 2*l + 6. What is the units digit of (d - 0) + (360/5 - 7)?
5
Let j = 2718 + -1723. What is the units digit of j?
5
Let w(h) = -h**3 - 5*h**2 + 2*h. Let z be w(-6). Suppose 4 = -5*y + z. Suppose -4*p + 36 = -y*g, 5*p - 28 = -5*g + 7. What is the units digit of p?
8
Let r be (4/10)/(2/20). Suppose r*c - 4 = -72. Let q = 32 + c. What is the units digit of q?
5
Let b be 2875/(-15) + 3 - 4/(-6). Let o = b - -351. What is the hundreds digit of o?
1
Let d(o) be the first derivative of o**3/3 + 6*o**2 - 3*o + 7. What is the tens digit of d(-14)?
2
What is the hundreds digit of 5 - (0 + -3)*394?
1
What is the tens digit of (3/4)/(4297/716 + -6)?
3
Let p(s) be the first derivative of -7*s**3/3 + 7*s**2 + 26*s - 7. Let f(t) = -3*t**2 + 7*t + 13. Let z(l) = 5*f(l) - 2*p(l). What is the tens digit of z(6)?
1
Let m(p) = p**3 + 7*p**2 + 8*p + 10. Let j be m(-6). Let h = 4 - j. Let f = 47 + h. What is the units digit of f?
3
Let k = -13 - -18. Suppose k*c - 9*c - 4 = 0. What is the units digit of 23 + (1 - 3) - c?
2
What is the units digit of 12/(-42) + (-87840)/(-112)?
4
Suppose r + 6 - 66 = 0. Suppose -w + 5*v - r = 0, 3*w + 64 = w - 4*v. Let s = w + 77. What is the tens digit of s?
3
Let i = 1392 - 618. Suppose 5*j = 4*z + 9*j - 624, i = 5*z - j. What is the units digit of z?
5
Suppose -9720 = -3*d - 5*g, -g + 10148 = 4*d - 2795. What is the thousands digit of d?
3
Let z be ((-4)/1 - -1) + 7. Suppose -87 = -2*v - 3*d, -z*d + 72 = 3*v - 61. What is the units digit of v?
1
Let v be (-290)/(-14) - 4/(-14). Let b be (7 - 1)*7/v. What is the units digit of 185/6 + b/12?
1
Suppose 4*k + 1 = 61. Suppose -3*l + k = 3*f, 8*f + 8 = 4*f + 3*l. Let s(r) = 18*r**2 + r - 1. What is the units digit of s(f)?
8
Let n(m) = -40*m**3 + m**2 + 24*m - 4. What is the tens digit of n(-4)?
7
Suppose -9 = 3*x - 24. Suppose 2*l + x*s = -2*l + 15, 2*s = 4*l - 22. Suppose -6 = -2*z, -3*z = l*p - 287 + 48. What is the units digit of p?
6
Let r = -3 + -15. What is the tens digit of 8/(-36) - ((-1354)/r)/(-1)?
7
Let y(f) = -f**3 + 18*f**2 - 16*f - 15. Let z be y(17). Suppose 0 = -3*q - z*n + 653, 6*q - 1105 = q + 5*n. What is the tens digit of q?
1
Let f be -1 - ((-8)/12)/((-2)/(-3)). Suppose -4*m - 3*q = -508, 4*m + f*q - 504 = -2*q. What is the tens digit of m?
2
What is the hundreds digit of (-14470)/(-15) + -1 + 1/3?
9
Let u be 9/(-2)*8/6. Let j(m) = m**2 + 5*m - 7. Let o be j(u). What is the tens digit of (21 - -4)/(o - -2)?
2
Suppose 4*x - 44 = -0. Suppose 0 = -w + 49 + x. What is the tens digit of w?
6
Let n(l) = -8*l + 32. Let a be n(10). Let k = 55 + a. What is the units digit of k?
7
What is the units digit of ((-1)/4)/(23838/(-7944) + 3)?
1
Let z = 858 - -82. What is the tens digit of z?
4
Let d = 168 - 109. Suppose -4*p = 5*v - 281, v = 4*p - 3*p - d. What is the units digit of p?
4
What is the tens digit of 11*-1*68/(-4) + -3?
8
Suppose 0 = 519*d - 509*d - 18500. What is the units digit of d?
0
Let g = 1006 - -1930. What is the hundreds digit of g?
9
Let x be (-13)/(2 - 25/12). Let n be 2/(-9) + 325/45. Suppose -n*h + x = -5*h. What is the tens digit of h?
7
Let z(l) = -3*l + 9. Let m be z(13). Let g = -13 - m. What is the tens digit of g?
1
Let t = 637 + -98. What is the hundreds digit of t?
5
Let d = 78 - 140. Suppose 187 = -6*a - 419. Let t = d - a. What is the tens digit of t?
3
Let r be (-12)/4*80/12. What is the units digit of (-16)/r + (-421)/(-5)?
5
Suppose 3*g + 101 - 305 = 0. Suppose -5*f - 4*t + 290 = 0, 0 = -5*f + 5*t + g + 177. What is the units digit of f?
4
Suppose -v + 4*a - 2 = -5, -v - 2*a = -3. Suppose 0 = -6*f + 2*f - c + 495, 360 = v*f - 3*c. What is the hundreds digit of f?
1
Suppose 5*f + w + 6 = 28, 0 = -2*w - 6. Suppose 4*h = 2*u - 32, -f*h - 45 - 16 = -4*u. Let g = u - 4. What is the tens digit of g?
1
Let s = 127 - 407. Let x = -183 - s. What is the tens digit of x?
9
Suppose -5*c + 3*p = 26, -4*c + 0*c - 31 = p. Let y(l) = 1 + l**2 + 1 + 0 + 2*l. What is the tens digit of y(c)?
3
Suppose 6 = -3*h + 18. Suppose 141 = -h*a - 83. Let u = a - -94. What is the units digit of u?
8
Suppose 2*o = -2*m - 14, 3*o - m - 19 = 5*o. Let r = -9 - o. Suppose 2*h + r = 7. What is the units digit of h?
2
Let w = 42 - -3. Suppose -23 = -4*h + w. Let k = 57 - h. What is the tens digit of k?
4
Suppose 0*f - 3*f = -z - 8, -3*z + f + 8 = 0. What is the units digit of ((-32)/z*2)/(-1)?
6
Suppose 0 = -5*o + 67 - 22. Suppose -2*v + 110 = o*v. What is the units digit of v?
0
Let r be 5/((-2)/4*2). Let n = r + 9. Suppose -8 + 4 = -n*g. What is the units digit of g?
1
Let w(q) be the third derivative of 19*q**4/24 + 4*q**3/3 + 9*q**2. What is the units digit of w(8)?
0
Let b(c) = 20*c**3 - 2*c**2 + 8*c - 8. What is the tens digit of b(2)?
6
Let a(n) = -24*n**2 + 5*n + 4. Let v be a(-3). Let g = -127 - v. What is the tens digit of g?
0
Suppose -1 = -2*z + 7. Suppose -4 = v - 0, -z*v = 4*s - 68. What is the tens digit of s?
2
Let r(n) = 2*n**2 - 6*n + 3. Let l = 6 + -1. Suppose 23 = -l*h + 3, -4*h - 8 = 2*t. What is the tens digit of r(t)?
1
Let c(m) = m - 3. Suppose -x = x - 4*k - 16, -5*x + 3*k + 40 = 0. Let i be c(x). What is the units digit of ((-2)/(-5))/(2/i)?
1
Suppose -62*u = -248788 + 86844. What is the hundreds digit of u?
6
Let o(y) = 6*y**2 + 5*y - 10. Let j(c) = c**2 + c. Let p(m) = -4*j(m) + o(m). What is the tens digit of p(7)?
9
Let g be 2*(2/4 - -4). Let i(r) = 8*r - 11. Let v be i(g). Suppose 0 = -4*u - 3*o + 123, 5*u + 3*o - 211 + v = 0. What is the tens digit of u?
2
Suppose 908 = 3*o - 4*y, -6*o + 604 = -4*o - 4*y. Let k = -123 + o. What is the units digit of k?
1
Let v = 1757 - -142. What is the thousands digit of v?
1
What is the hundreds digit of (-21)/7*62/(-6)*22?
6
Suppose -2*a = -17 + 3. What is the units digit of (16/5)/(12/210*a)?
8
Suppose -3*u - 2*u = -k + 185, k + 195 = -5*u. Suppose -4*y + 0*y = 212. Let t = u - y. What is the units digit of t?
5
Let u = 0 + 4. Suppose -12 = f - 4*o, 7*o - 12 = -u*f + 3*o. Suppose f = -i - 4*i + 45. What is the units digit of i?
9
Let b = -347 - -711. What is the hundreds digit of b?
3
Suppose 180 = -5*f - 305. Let o = f + 155. What is the units digit of o?
8
Let g(b) = 9*b**3 - 2*b + 5. Let u be g(-5). What i